hat is x(-42)?
-416
Let h(i) = -3*i**2 - 229*i - 4451. What is h(-40)?
-91
Let d(u) = 286*u + 58511. Calculate d(-205).
-119
Let a(u) = 13*u**2 - 973*u - 80. Give a(75).
70
Let j(b) = b**3 + 89*b**2 + 1488*b + 1011. Determine j(-67).
73
Let n(f) = -2*f**3 + 38*f**2 + 1146*f - 3. Give n(35).
907
Let t(b) = -118*b - 4872. Give t(-41).
-34
Let s(j) = 1634*j**2 + 36*j + 34. What is s(-1)?
1632
Let h(b) = 2*b**3 + 22*b**2 + 15591*b + 155749. What is h(-10)?
39
Let q(j) = j**2 + 10380*j - 72617. Determine q(7).
92
Let c(z) = 6*z**2 - 1601*z - 106569. Determine c(322).
13
Let w(c) = -68986*c + 3449288. Determine w(50).
-12
Let c(j) = -2*j**3 + 32*j**2 - 292*j - 42. Give c(11).
-2044
Let h(u) = 3*u**3 - 60*u**2 + 272*u - 11. Give h(7).
-18
Let k(y) = -3*y**2 - 47*y + 188. What is k(-6)?
362
Let y(h) = 19179*h - 134824. Calculate y(7).
-571
Let o(j) = -j**3 + 39*j**2 - 98*j + 2299. Calculate o(38).
19
Let t(s) = -809*s - 63014. Determine t(-78).
88
Let r(i) = -2*i**3 - 79*i**2 + 27804*i + 1110551. What is r(-40)?
-9
Let f(l) = 251*l**2 - 75092*l + 12855. Determine f(299).
-2
Let x(g) = -g**2 - 5608*g - 781497. Determine x(-143).
-2
Let x(v) = -v**3 - 88*v**2 + 623*v - 4084. What is x(-95)?
-94
Let w(r) = r**2 + 471*r + 54751. Give w(-209).
-7
Let f(n) = -222*n + 22511. Calculate f(103).
-355
Let l(b) = -4*b**2 - 91631*b + 641618. Calculate l(7).
5
Let r(h) = h**3 - 601*h**2 + 9368*h - 28. What is r(16)?
100
Let x(b) = -3*b**2 + 80*b + 331. Give x(-4).
-37
Let c(v) = -3818*v + 1133951. Calculate c(297).
5
Let s(j) = -2*j**2 + 131*j - 820. Determine s(6).
-106
Let d(u) = -22421*u + 381154. Calculate d(17).
-3
Let d(i) = 5*i**3 - 2575*i**2 + 169*i - 87041. Give d(515).
-6
Let n(t) = -4*t**3 - 211*t**2 + 2128*t + 7010. What is n(-61)?
-5
Let c(b) = -74*b**2 + 1708*b - 6687. What is c(5)?
3
Let f(p) = -1798*p + 9616. Calculate f(6).
-1172
Let b(p) = -3*p**3 + 46*p**2 + 424*p - 364. Determine b(-7).
-49
Let v(d) = 12*d + 69. Determine v(36).
501
Let u(m) = -3*m**2 + 615*m - 19446. Calculate u(38).
-408
Let p(b) = -295646*b - 17738758. What is p(-60)?
2
Let o(j) = -54365*j - 434810. Calculate o(-8).
110
Let u(t) = -2*t**2 + 2694*t + 77002. Determine u(-28).
2
Let u(y) = y**3 - 572*y + 641. Give u(-24).
545
Let u(k) = 16*k**2 - 35*k - 3060. Calculate u(15).
15
Let z(c) = 406*c + 13342. What is z(-34)?
-462
Let a(q) = -6*q**2 + 13976*q - 427446. Give a(31).
44
Let r(o) = 24*o**3 + 16*o**2 + 34*o - 6. Determine r(-2).
-202
Let p(u) = 9158*u + 741798. Determine p(-81).
0
Let l(u) = 7541*u + 52704. What is l(-7)?
-83
Let d(x) = -26259*x + 25576260. Give d(974).
-6
Let r(g) = -2*g**2 + 27*g + 536. Give r(-13).
-153
Let p(k) = 18*k**2 - 3699*k - 2206. What is p(206)?
-352
Let g(a) = -a**3 + 79*a**2 - 1194*a - 13343. Determine g(50).
-543
Let q(w) = 297*w**2 - 1412*w - 27. What is q(4)?
-923
Let x(r) = -r**2 + 28632*r - 171737. Give x(6).
19
Let v(b) = 1298*b**2 + 145378*b + 233. Give v(-112).
9
Let g(q) = -783*q - 7740. Give g(-10).
90
Let w(h) = h**3 + 76*h**2 + 382*h - 1998. Determine w(-9).
-9
Let m(y) = 35349*y + 318148. What is m(-9)?
7
Let p(s) = -21*s**2 + 550*s - 2181. Calculate p(4).
-317
Let k(r) = -20574*r - 20546. What is k(-1)?
28
Let u(g) = -2831*g - 339737. Calculate u(-120).
-17
Let u(z) = z**3 + 102*z**2 + 87*z - 673. Determine u(-101).
741
Let p(d) = -5354*d + 37639. Determine p(7).
161
Let n(g) = -2126*g - 4386. Give n(-2).
-134
Let z(h) = -2*h**3 + 47*h**2 + 210*h - 2102. What is z(26)?
-22
Let l(s) = -222*s + 6773. What is l(30)?
113
Let r(g) = 693*g**2 - 66526*g - 69. Calculate r(96).
123
Let m(j) = -9551*j + 171911. Give m(18).
-7
Let g(q) = -4*q**2 + 68*q - 210. Calculate g(12).
30
Let i(b) = -20*b**2 - 76*b - 86. What is i(-7)?
-534
Let g(y) = -4106*y + 20098. Give g(5).
-432
Let i(f) = 2*f**2 + 171*f - 2003. What is i(13)?
558
Let z(h) = 2*h**2 + 285*h + 444. Calculate z(-135).
-1581
Let y(h) = -h**3 - h**2 + 32*h - 78. What is y(5)?
-68
Let k(p) = 9446*p - 1020171. Determine k(108).
-3
Let f(i) = -6657*i + 772227. What is f(116)?
15
Let y(n) = n**3 - 92*n**2 + 1963*n - 196. What is y(58)?
-718
Let y(k) = k**3 - 43*k**2 - 59*k + 2537. What is y(43)?
0
Let s(g) = -5*g + 350. Determine s(-8).
390
Let f(v) = -2318*v - 32452. What is f(-14)?
0
Let r(d) = -5*d**2 + 426*d + 857. What is r(89)?
-834
Let u(i) = -1940*i - 327851. What is u(-169)?
9
Let y(g) = -g**3 + 10*g**2 + 10*g. Give y(-1).
1
Let h(j) = 71*j**2 - 45496*j - 55226. Give h(642).
-14
Let o(p) = -64017*p + 384099. Calculate o(6).
-3
Let m(h) = -4*h**3 + 68*h**2 + 2299*h - 215. Determine m(-17).
6
Let f(t) = t**2 - 66*t + 714. What is f(25)?
-311
Let g(b) = -705692*b + 1411327. What is g(2)?
-57
Let c(b) = 3*b**3 + 33*b**2 - 22*b - 90. What is c(-12)?
-258
Let f(d) = d**3 + 131*d**2 - 2683*d + 19. Determine f(18).
1
Let f(i) = -i**3 + 41*i**2 - 36*i + 283. Give f(39).
1921
Let w(n) = -7*n**2 + 1379*n - 47108. Determine w(44).
16
Let i(o) = -o**3 + 77*o**2 - 369*o + 813. Give i(72).
165
Let t(m) = 21*m + 843. Determine t(-38).
45
Let h(c) = 3*c**3 + 348*c**2 + 375*c + 3461. What is h(-115)?
11
Let b(i) = -247*i**2 - 28393*i + 1382. Calculate b(-115).
2
Let q(o) = 2*o**2 - 113*o + 1376. What is q(42)?
158
Let i(h) = -3527*h + 250613. Give i(71).
196
Let j(i) = -5*i**2 - 237*i - 2673. What is j(-29)?
-5
Let g(j) = -7*j**2 + 30541*j - 152518. Calculate g(5).
12
Let z(m) = -94384*m - 849466. Calculate z(-9).
-10
Let b(f) = f**3 + 4*f**2 + 1112*f + 13235. Determine b(-12).
-1261
Let z(m) = -m**2 + 192*m + 11636. What is z(-47)?
403
Let q(z) = -7*z**2 + 141*z - 592. Give q(6).
2
Let c(q) = -59*q**2 - 116*q - 77. Determine c(-3).
-260
Let c(k) = 64310*k + 192917. Give c(-3).
-13
Let n(t) = t**3 - 54*t**2 + 142*t - 2050. What is n(52)?
-74
Let a(f) = 13*f**2 + 753*f + 29. Calculate a(-58).
87
Let q(n) = -66*n**3 - 5150*n**2 - 162*n - 369. What is q(-78)?
99
Let c(r) = -102*r**2 + 2565*r - 327. What is c(25)?
48
Let j(h) = -75*h + 5031. Determine j(7).
4506
Let w(h) = h**3 + 27*h**2 - 41*h + 51. Determine w(-28).
415
Let z(q) = -33165*q + 431122. What is z(13)?
-23
Let i(o) = -21*o**2 - 59*o + 390. Give i(-7).
-226
Let n(t) = 25*t**2 + 2688*t - 51089. What is n(-124)?
-1
Let q(s) = -34786*s - 34780. Determine q(-1).
6
Let p(j) = j**2 - 1068*j + 15789. Determine p(15).
-6
Let w(k) = -6*k**3 - 28*k**2 + 52*k + 349. Calculate w(-6).
325
Let j(t) = -t**2 + 17164*t + 240431. Calculate j(-14).
-61
Let y(b) = -119*b**2 - 11*b + 53. Give y(4).
-1895
Let h(r) = -203*r + 19143. Determine h(74).
4121
Let t(g) = -2465*g**2 - 46842*g - 137. Determine t(-19).
-4
Let u(z) = 14108*z**2 - 70548*z + 36. What is u(5)?
-4
Let j(g) = 1089*g + 2264. Determine j(-2).
86
Let k(u) = 112*u**2 + 28*u + 111. Determine k(6).
4311
Let y(t) = -154*t - 663. What is y(-6)?
261
Let k(c) = -2*c**3 - 70*c**2 + 68*c + 2360. Determine k(-35).
-20
Let c(o) = 90*o**2 + 85*o + 185. What is c(-5)?
2010
Let u(c) = 4*c**2 + 2879*c + 23195. What is u(-8)?
419
Let g(d) = 3*d**3 + 107*d**2 - 159*d + 4089. Give g(-38).
23
Let g(p) = -9*p**2 - 2641*p - 33869. Calculate g(-280).
11
Let l(y) = -37*y**2 - 2364*y + 44. Determine l(-64).
-212
Let s(y) = -3223*y + 122495. Calculate s(38).
21
Let f(b) = -b**3 + 124*b**2 + 1577*b + 7502. Determine f(136).
22
Let l(g) = -9*g**2 - 11*g + 1. Calculate l(7).
-517
Let k(q) = 1019*q - 13058. What is k(16)?
3246
Let b(u) = 2755*u + 997316. Determine b(-362).
6
Let k(a) = -a**3 + 11604*a**2 + 139390*a - 33. What is k(-12)?
-9
Let h(s) = 477*s + 171. Give h(1).
648
Let p(y) = 160*y + 8483. Determine p(-74).
-3357
Let v(g) = -4*g**2 + 397*g + 15360. Calculate v(-30).
-150
Let s(x) = -44*x**2 + 2989*x + 213. Give s(68).
9
Let o(j) = 4644*j - 1750795. Calculate o(377).
-7
Let z(w) = -2*w**2 - 252*w - 8147. What is z(-76)?
-547
Let x(o) = -4482*o + 246620. Calculate x(55).
110
Let z(k) = -16*k**3 - 1120*k**2 - 30*k - 217. What is z(-70)?
1883
Let i(n) = 26*n**2 - 535*n + 2475. What is i(7)?
4
Let n(f) = -103*f**2 + 5*f + 3. Determine n(-1).
-105
Let i(p) = -33975*p - 1800583. Calculate i(-53).
92
Let t(l) = 8*l**2 + 212*l - 2726. What is t(-36)?
10
Let h(q) = -1455*q + 152763. Give h(105).
-12
Let k(j) = 2560*j + 176619. Give k(-69).
-21
Let z(r) = -184711*r**2 + 369426*r - 3. What is z(2)?
5
Let c(j) = -40*